tors of x.
2, 13
Let i = -24 - -24. Suppose 0 = 4*l - a - 69, -36 = -i*l - 2*l + 2*a. Suppose h - l = -b + 15, h - 4*b = 52. What are the prime factors of h?
2, 3
Suppose 0 = 53*o - 59*o + 3936. Let i = o + -208. What are the prime factors of i?
2, 7
Suppose -14 = 48*v - 50*v. Let l(j) = 5*j**2 - 27*j - 8. What are the prime factors of l(v)?
2, 3
Let l(h) be the first derivative of -h**4/4 + 3*h**3 - 4*h**2 + 5*h + 5. Let u be l(8). Let x(w) = 6*w**2 - 11*w + 6. What are the prime factors of x(u)?
101
Let x be 0*((-4)/2 - -1). Suppose 3*n - 5*c - 310 = x, n - c = -0*c + 102. List the prime factors of n.
2, 5
Suppose -5*q = 4*v - 192668, -5*v + 240835 = -83*q + 84*q. List the prime factors of v.
7, 983
What are the prime factors of (-24 + 348/14)/((-1)/(-7063))?
2, 3, 1009
Let j(v) be the first derivative of -129*v**2/2 - 2*v + 14. Let w be j(-4). Let k = w - 256. List the prime factors of k.
2, 3, 43
Let g = -18282 - -27013. What are the prime factors of g?
8731
Let i(p) = 2*p**2 - 29*p - 41. Let g = 340 + -351. What are the prime factors of i(g)?
2, 5, 13
List the prime factors of ((-90)/12 - -8) + (-36831)/(-6).
7, 877
Suppose -16*p - 107*p - 119675 + 1117943 = 0. What are the prime factors of p?
2, 2029
Suppose 41*c + 17*c - 505470 = 0. What are the prime factors of c?
3, 5, 7, 83
Suppose 9*n - 862 = 812. Suppose -n = 4*w - 5*w. Suppose 3*r - 4*r + 3*l = -86, -2*r = l - w. What are the prime factors of r?
2, 23
What are the prime factors of -3*11/363*-384987 + 4/22?
31, 1129
Suppose 0 = 36*d - 190*d + 2379146. List the prime factors of d.
7, 2207
Let k(j) = -99*j + 7*j**2 + 29 + 99*j. List the prime factors of k(5).
2, 3, 17
Let w be -5*1*2/(-2). Suppose -3*n + 1432 = w*f, -3*f - 130 + 962 = -5*n. List the prime factors of f.
2, 71
Let x = -96 - -800. Suppose 2*v = 712 + x. List the prime factors of v.
2, 3, 59
Suppose 240*k = 250*k - 320. Suppose -k*w + 697 = -9991. What are the prime factors of w?
2, 167
Let r(z) = z**3 - 47*z**2 - 2*z + 98. Let q be r(47). Suppose -q*j - 7407 = -13*j. List the prime factors of j.
823
Suppose 28637 = 3*r - 2*n, 4*n = 254*r - 256*r + 19054. What are the prime factors of r?
7, 29, 47
Suppose -4*x + 2*z + 46 = 0, -1 + 0 = -x - 3*z. Suppose 0 = -r - 2, -d + r = -x. Suppose d*g = 3*g + 370. What are the prime factors of g?
2, 37
Suppose 0 = -5*k - 13 + 58. Let x = 5 + k. Let t = -6 + x. List the prime factors of t.
2
Suppose 0 = -15*w + 16*w - 5*f - 24, -3*w + 5*f + 42 = 0. List the prime factors of (526 - 2) + (w - 6).
17, 31
Suppose -41605 = 17367*x - 17372*x. What are the prime factors of x?
53, 157
Let u = 248 + -200. Let g = -36 + u. What are the prime factors of g?
2, 3
Suppose 36 = -6*z - 0*z. Let s be 26/z - ((-10)/(-15) - 1). List the prime factors of ((-152)/36 - s) + (-983)/(-9).
109
Suppose 0 = -g + 16*g. Suppose -4*t + 4*s + 868 = g, -4*t - 2*s = -3*s - 883. List the prime factors of t.
2, 3, 37
Let i(u) be the second derivative of -5*u**4/8 - 43*u**3/6 + 33*u**2/2 - 3*u. Let v(a) be the first derivative of i(a). What are the prime factors of v(-16)?
197
Suppose 0 = 2*f - 0 - 4. Suppose 2*m - 8 + f = 0. Suppose -m*z = -3*h + 234, 3*h + 2*z - 121 = 88. List the prime factors of h.
73
Suppose 3*h - 30 = -3*h. Suppose 20 = 5*b + 5*r, h*b + 0 = -3*r + 16. List the prime factors of b - 100/(-2) - (1 - -1).
2, 5
Let x be (-4)/12 + 169/3. Suppose 0 = -60*o + x*o + 980. What are the prime factors of o?
5, 7
Let o(y) = -311*y - 508. List the prime factors of o(-15).
4157
Suppose 191 = 4*y - p + 3486, -4100 = 5*y + 5*p. Let u = -492 - y. List the prime factors of u.
331
Let u(x) = -1156*x - 10. What are the prime factors of u(-30)?
2, 5, 3467
Let k(w) = -23*w - 70. Let h be k(18). What are the prime factors of (-13)/91 - (-8)/7 - h?
5, 97
Let l(t) = -92*t + 9. Let b(n) = 680*n - 61. Let w(u) = 2*b(u) + 15*l(u). Let q be 8/6*-2*3. What are the prime factors of w(q)?
173
Let x be (0 - -6)/6 - -10. Suppose 31*t = x*t + 740. What are the prime factors of t?
37
Suppose 3*j - 20 + 11 = 0. Suppose y + 2*a = a - 1, 5 = j*y + a. Suppose -y*g + 53 + 13 = 0. What are the prime factors of g?
2, 11
Suppose -3*t - 16*t = 20*t - 24102. List the prime factors of t.
2, 3, 103
Suppose n + 2*t - t - 33 = 0, -t = -2*n + 66. Suppose -l + 4*i = -23, l + 6*i - 8*i = n. Let a = l - 1. List the prime factors of a.
2, 3, 7
Let o = -42 - -45. Suppose -5*n + 0 + 260 = 5*u, -5*n + 158 = o*u. Let s = u - 2. List the prime factors of s.
7
Suppose -4*q + 12 = 0, 3*q = -4*r - 2*q + 7. Let y be ((-15)/r)/(11/22). Suppose -21*w + 762 = -y*w. What are the prime factors of w?
127
Let r = 3302 + 17202. List the prime factors of r.
2, 11, 233
Let c(p) = p**2 - 14*p - 2. Let g be c(15). Suppose 12 = -n + g. List the prime factors of (n/3)/(4/1212) + 0.
101
Suppose 3*h - 4*p = 188076, 0 = -8*h + 12*h + 5*p - 250830. List the prime factors of h.
2, 3, 5, 11, 19
Let b = -9 + 36. Suppose -33 = 4*c + t, -3*c + 5*t = c + b. List the prime factors of (-165)/(1 + -2*(-10)/c).
2, 5, 11
Let b = 519 + -515. Suppose -2452 = -2*i - y + 5*y, -4904 = -b*i + 5*y. List the prime factors of i.
2, 613
List the prime factors of ((-37818)/528)/((-5)/1240).
3, 31, 191
Suppose 3*s = -6*s + 71577. Suppose -22*z + 1023 = -s. List the prime factors of z.
2, 3, 17
Let q(u) = 149*u**3 + 2*u**2 - 5*u + 1. Suppose 2*t + 4*c = -3 - 1, 4*t - 5*c - 57 = 0. Suppose t = 14*a - 6. What are the prime factors of q(a)?
3, 7
Let h be 12506/(-74) - (-9 + 2 + -1). Let u = 6 + -105. Let i = u - h. List the prime factors of i.
2, 31
Let x(z) = 15*z + 9479. What are the prime factors of x(118)?
7, 1607
Let k = 421 - 356. List the prime factors of (k/(-26) - -1)/(2/(-1236)).
3, 103
Let p(w) = 14*w - 7. Let a be p(6). Let o = -4444 + 4383. Let k = a + o. List the prime factors of k.
2
Let d = -64 + 65. Let b(l) = -1. Let v(k) = k**3 + 7*k**2 - 5*k + 7. Let z(g) = d*v(g) + 5*b(g). What are the prime factors of z(-4)?
2, 5, 7
Let s(i) = 281*i**2 - 1 - 5 + 4 + 3 + 3*i + 2. List the prime factors of s(-1).
281
Suppose -5*g - 76466 = -35*g + 17*g. List the prime factors of g.
2, 17, 173
Let v(z) = 5*z**2 + 42*z + 20. Let f be v(-8). Suppose -48 = -f*k + 12*k. List the prime factors of 2/k - 12684/(-63).
3, 67
Let o(m) = 15908*m + 1396. List the prime factors of o(3).
2, 5, 307
Let r be (-2002320)/(-900) + (-4)/(-10)*-2. Let v = -1503 + r. List the prime factors of v.
7, 103
Suppose 4*q + 7963 = 5*o, o - 5*q - 1743 + 142 = 0. What are the prime factors of o?
37, 43
Let a(l) = -l**3 - 96*l**2 + 91*l - 136. What are the prime factors of a(-102)?
2, 17, 1559
Let c be (-1610)/(-6) - 42/126. Suppose c + 299 = z + o, 3*z + o = 1703. What are the prime factors of z?
2, 71
Suppose 0 = 4*k - 12, 4*k = 5*m - 3557 - 3061. What are the prime factors of m?
2, 3, 13, 17
Let t = 68 + -62. Let c be (1*38)/(12/t). Let h(n) = n**3 - 20*n**2 + 24*n + 20. List the prime factors of h(c).
5, 23
Suppose -5*w + 14880 = 7*w. Suppose 0 = -i + o + w, o - 881 - 2851 = -3*i. What are the prime factors of i?
11, 113
Suppose 30352 = 15*k - 13*k + 4*p, 5*p + 15155 = k. What are the prime factors of k?
2, 5, 37, 41
Let l(x) = x**3 + 11*x**2 - 12*x + 8. Let z be l(-12). Let c be (z/(-3) + 4)*18/4. Let q(i) = i**2 + 3*i + 24. List the prime factors of q(c).
2, 3, 13
Let w be 76*((-45)/(-20) + -2). Let i(z) = 19*z + 0*z**3 + z**3 - 25 - 9*z**2 - w*z**2 + 10*z**2. What are the prime factors of i(17)?
3
Suppose -m = -2*m + 34. Suppose -m = -4*g + 42. Suppose -k + 34 = -g. What are the prime factors of k?
53
Let d be (-1)/((8/916*1)/(-2)). Let g = 51 + d. List the prime factors of g.
2, 5, 7
Suppose -5*n + 2247*f = 2252*f - 102440, -40913 = -2*n + 5*f. List the prime factors of n.
20479
Let k(o) = 68*o**2 + 74*o - 779. List the prime factors of k(10).
6761
Let q = -1455 - -10943. List the prime factors of q.
2, 593
Suppose 5*g - 3*p - 87952 = 85984, 2*g - 3*p = 69587. List the prime factors of g.
7, 4969
Let w(b) = 7 + 35*b - 2 - 6. Let u be w(2). Let i = u - 35. List the prime factors of i.
2, 17
Let f(c) = 23960*c**2 + 435*c - 435. List the prime factors of f(1).
2, 5, 599
Let k(h) = h - 5. Let i = -49 - -56. Let p be k(i). Suppose 2*x - 84 - 48 = -2*c, -p*x - 5*c + 117 = 0. What are the prime factors of x?
71
Let b = -118 + 114.